{"id":62,"date":"2021-02-16T12:19:47","date_gmt":"2021-02-16T09:19:47","guid":{"rendered":"https:\/\/invego.ee\/luccaranna\/?page_id=62"},"modified":"2025-10-07T09:30:50","modified_gmt":"2025-10-07T06:30:50","slug":"arhitektuur","status":"publish","type":"page","link":"https:\/\/invego.ee\/luccaranna\/arhitektuur\/","title":{"rendered":"Arhitektuur"},"content":{"rendered":"\n        <div id=\"columns-block-block_e49607424d40a39f9d3a2aa80d7cbc36\" class=\"columns-block text_text\" style=\"padding-top: 139px; padding-bottom: 104px;\">\n        <div class=\"container\">\n            <div class=\"row fade-in-up align-items-start align-items-start desktop\">\n                                    <div class=\"col-md-6 col-12\">\n                                                                                                        <div class=\"text_container\" >\n                                <p>Luccaranna elurajoonile homsesse vaatava terviklahenduse leidmiseks toimunud arhitektuurikonkursi v\u00f5idut\u00f6\u00f6 autoriteks on<strong> KUU arhitektid <\/strong>koos <strong>KINO maastikuarhitektidega<\/strong>, kelle avar n\u00e4gemus toetab lisaks kogukonnatunde tekkele veel mitmeid teisi 21. sajandi linnakodanike jaoks olulisi v\u00e4\u00e4rtusi, nagu seda on loodusl\u00e4hedus ja tervislik eluviis.<\/p>\n                            <\/div>\n                                            <\/div>\n                                    <div class=\"col-md-6 col-12\">\n                                                                                                        <div class=\"text_container\" >\n                                <p>Luccaranna arenduse 10-hektariline mere\u00e4\u00e4rne ala koosneb <strong>30-st hoonest<\/strong> ja on planeeritud \u00fchtse arhitektuurse tervikuna. Eesm\u00e4rk on tagada privaatsus ja luksuslikkus eestlastele ajalooliselt loomuomase Kadrioru-t\u00fc\u00fcpi alana, millel on v\u00e4ikestest kortermajadest koosnevad kvartalid, kus autod on viidud kvartali \u00e4\u00e4rde, tagades majade vahel roheluse ja autovaba elukeskkonna. Arenduse viimase etapi kaks maja on projekteeritud <strong>Apex Arhitektuurib\u00fcroo<\/strong> poolt, j\u00e4tkates kogu piirkonnale omast terviklikku arhitektuurikeelt.<\/p>\n                            <\/div>\n                                            <\/div>\n                            <\/div>\n                            <div class=\"row fade-in-up align-items-start mobile\">\n                    <div class=\"col-12\">\n                        <p>Luccaranna elurajoonile homsesse vaatava terviklahenduse leidmiseks toimunud arhitektuurikonkursi v\u00f5idut\u00f6\u00f6 autoriteks on<strong> KUU arhitektid <\/strong>koos <strong>KINO maastikuarhitektidega<\/strong>, kelle avar n\u00e4gemus toetab lisaks kogukonnatunde tekkele veel mitmeid teisi 21. sajandi linnakodanike jaoks olulisi v\u00e4\u00e4rtusi, nagu seda on loodusl\u00e4hedus ja tervislik eluviis.<\/p>\n<p>Luccaranna arenduse 10-hektariline mere\u00e4\u00e4rne ala koosneb <strong>30-st hoonest<\/strong> ja on planeeritud \u00fchtse arhitektuurse tervikuna. Eesm\u00e4rk on tagada privaatsus ja luksuslikkus eestlastele ajalooliselt loomuomase Kadrioru-t\u00fc\u00fcpi alana, millel on v\u00e4ikestest kortermajadest koosnevad kvartalid, kus autod on viidud kvartali \u00e4\u00e4rde, tagades majade vahel roheluse ja autovaba elukeskkonna. Arenduse viimase etapi kaks maja on projekteeritud <strong>Apex Arhitektuurib\u00fcroo<\/strong> poolt, j\u00e4tkates kogu piirkonnale omast terviklikku arhitektuurikeelt.<\/p>\n                    <\/div>\n                <\/div>\n                    <\/div>\n    <\/div>\n\n\n\n    <div id=\"image-block-block_6980708f031a1bc3b45baffc1286484e\" class=\"image-block\">\n                    <div class=\"container\">\n        \n        <img decoding=\"async\" src=\"https:\/\/invego.ee\/luccaranna\/wp-content\/uploads\/2025\/10\/Kuu-arhitektid-pilt-logoga-scaled.png\" \/>\n        \n                    <\/div>\n            <\/div>\n\n\n\n        <div id=\"columns-block-block_a2f186ba657822d18727f23c1505de4e\" class=\"columns-block fade-instantly text_image\" style=\"padding-top: 114px; padding-bottom: 68px;\">\n        <div class=\"container\">\n            <div class=\"row align-items-end align-items-end\">\n                                    <div class=\"col-md-6 col-12\">\n                                                                                                            <img loading=\"lazy\" decoding=\"async\" class=\"title_wave\" width=\"254\" height=\"96\" alt=\"Title Wave\" src=\"https:\/\/invego.ee\/luccaranna\/wp-content\/themes\/luccaranna\/images\/icons\/title_wave.svg\" \/>\n                                                        <div class=\"text_container\"  data-margin=\"47\">\n                                <h3>Kuurorti \u00f5hk<\/h3>\n<p>Luccaranna j\u00e4tkab kunagise peene Lucca suvituspiirkonna traditsioone, kus v\u00e4ikeste privaatsete majadega rajooni milj\u00f6\u00f6 meenutab omal moel \u00fcle-eelmise sajandi aegset Kadriorgu. Siin on oma park, oma rand ja oma v\u00e4ikesed rahulikud t\u00e4navad. Majad on eriilmelised, kuid \u00fcheskoos moodustavad hubase ja keskkonda sulanduva terviku.<\/p>\n                            <\/div>\n                                            <\/div>\n                                    <div class=\"col-md-6 col-12\">\n                                                    <div class=\"image_container\">\n                                <img decoding=\"async\" src=\"https:\/\/invego.ee\/luccaranna\/wp-content\/uploads\/2022\/03\/Luccaranna_pildid_kevad_2022_2-min.jpg\" \/>\n                            <\/div>\n                                                                    <\/div>\n                            <\/div>\n                    <\/div>\n    <\/div>\n\n\n\n        <div id=\"columns-block-block_cb71318988ec422108372e2b93d550f9\" class=\"columns-block fade-instantly text_image\" style=\"padding-top: 68px; padding-bottom: 68px;\">\n        <div class=\"container\">\n            <div class=\"row align-items-end align-items-end\">\n                                    <div class=\"col-md-6 col-12\">\n                                                                                                        <div class=\"text_container\"  data-margin=\"32\">\n                                <h3>Arhitektuur<br \/>\n\u2013 p\u00e4ike, meri ja<br \/>\nloodus<\/h3>\n<p>Arhitektide poolt kujundatud kodude paigutus on h\u00e4sti l\u00e4bim\u00f5eldud, pakkudes enamikule korteritele kahes suunas vaateid ja piisavalt p\u00e4ikesevalgust. Enamus kodudel on r\u00f5dud v\u00f5i terrassid ja nende paigutus arvestab ilmakaari, mere- ja pargivaadet ning \u00fcksteise suhtes kattuvust, et tekiks osaliselt ka kaetud terrasse.<\/p>\n                            <\/div>\n                                            <\/div>\n                                    <div class=\"col-md-6 col-12\">\n                                                    <div class=\"image_container\">\n                                <img decoding=\"async\" src=\"https:\/\/invego.ee\/luccaranna\/wp-content\/uploads\/2022\/03\/Luccaranna_pildid_kevad_2022_1-min.jpg\" \/>\n                            <\/div>\n                                                                    <\/div>\n                            <\/div>\n                    <\/div>\n    <\/div>\n\n\n\n        <div id=\"columns-block-block_ca4a633df5920a06f929dd63704ab7cf\" class=\"columns-block text_text\" style=\"padding-top: 68px; padding-bottom: 74px;\">\n        <div class=\"container\">\n            <div class=\"row fade-in-up align-items-center align-items-center\">\n                                    <div class=\"col-md-6 col-12\">\n                                                                                                        <div class=\"text_container\" >\n                                <h3>Loodusega<br \/>\np\u00f5imitud<br \/>\nelukeskkond<\/h3>\n                            <\/div>\n                                            <\/div>\n                                    <div class=\"col-md-6 col-12\">\n                                                                                                        <div class=\"text_container\" >\n                                <p>Luccarannas vaheldub looduslik ala heakorrastatud ja organiseeritud piirkondade ning sillutatud ko\u0303nniteedega. Loodud keskkond toetab nii looduse liigirikkust kui inimeste loomulikku eluringi ning veelgi enam \u2013 need kaks on omavahel seotud!<\/p>\n                            <\/div>\n                                            <\/div>\n                            <\/div>\n                    <\/div>\n    <\/div>\n\n\n\n        <div id=\"columns-block-block_0f7edea39b19709a37368ec875d1be94\" class=\"columns-block text_image\" style=\"padding-top: 73px; padding-bottom: 151px;\">\n        <div class=\"container\">\n            <div class=\"row fade-in-up align-items-end align-items-end\">\n                                    <div class=\"col-md-6 col-12\">\n                                                                                                        <div class=\"text_container\"  data-margin=\"32\">\n                                <h3>Liigirikkus ja Eesti<br \/>\nmere\u00e4\u00e4rsed<br \/>\ntaimed<\/h3>\n<p>Mere\u00e4\u00e4rne asukoht m\u00f5jutab nii mullastikku kui kohalikku mikrokliimat ning valitud taimekooslused tunnevad end kohalikes tingimustes h\u00e4sti. Avalikel aladel on peamiselt kahte t\u00fc\u00fcpi maastik \u2013 ko\u0303rgem ja eraldavam roostik ning madalam ja liigirohke o\u0303itsev aas.<\/p>\n                            <\/div>\n                                            <\/div>\n                                    <div class=\"col-md-6 col-12\">\n                                                    <div class=\"image_container\">\n                                <img decoding=\"async\" src=\"https:\/\/invego.ee\/luccaranna\/wp-content\/uploads\/2021\/02\/3.jpg\" \/>\n                            <\/div>\n                                                                    <\/div>\n                            <\/div>\n                    <\/div>\n    <\/div>\n\n\n\n        <div id=\"columns-block-block_5687cda8e5afcfaef5e22baf737670cc\" class=\"columns-block image_text\" style=\"padding-top: 0px; padding-bottom: 151px;\">\n        <div class=\"container\">\n            <div class=\"row fade-in-up align-items-end align-items-end\">\n                                    <div class=\"col-md-6 col-12\">\n                                                    <div class=\"image_container\">\n                                <img decoding=\"async\" src=\"https:\/\/invego.ee\/luccaranna\/wp-content\/uploads\/2021\/02\/4.jpg\" \/>\n                            <\/div>\n                                                                    <\/div>\n                                    <div class=\"col-md-6 col-12\">\n                                                                                                            <img loading=\"lazy\" decoding=\"async\" class=\"title_wave\" width=\"254\" height=\"96\" alt=\"Title Wave\" src=\"https:\/\/invego.ee\/luccaranna\/wp-content\/themes\/luccaranna\/images\/icons\/title_wave.svg\" \/>\n                                                        <div class=\"text_container\" >\n                                <h3>Roheline arhitektuur<\/h3>\n<p>Pargialadel kasutatakse isegi vihmavett j\u00e4tkusuutlikult. Selleks rajatakse madalamad alad, mis v\u00f5imaldavad vihmal aegam\u00f6\u00f6da maasse imbuda, toetavad looduslikku mitmekesisust ning pakuvad p\u00f5neva ruumikogemuse.<\/p>\n                            <\/div>\n                                            <\/div>\n                            <\/div>\n                    <\/div>\n    <\/div>\n\n\n\n<p><\/p>\n","protected":false},"excerpt":{"rendered":"","protected":false},"author":1,"featured_media":0,"parent":0,"menu_order":3,"comment_status":"closed","ping_status":"closed","template":"","meta":{"_acf_changed":false,"_uag_custom_page_level_css":"","footnotes":""},"class_list":["post-62","page","type-page","status-publish","hentry"],"acf":[],"yoast_head":"<!-- This site is optimized with the Yoast SEO plugin v24.9 - https:\/\/yoast.com\/wordpress\/plugins\/seo\/ -->\n<title>Arhitektuur - Luccaranna<\/title>\n<meta name=\"robots\" content=\"index, follow, max-snippet:-1, max-image-preview:large, max-video-preview:-1\" \/>\n<link rel=\"canonical\" href=\"https:\/\/invego.ee\/luccaranna\/arhitektuur\/\" \/>\n<meta property=\"og:locale\" content=\"et_EE\" \/>\n<meta property=\"og:type\" content=\"article\" \/>\n<meta property=\"og:title\" content=\"Arhitektuur - Luccaranna\" \/>\n<meta property=\"og:url\" content=\"https:\/\/invego.ee\/luccaranna\/arhitektuur\/\" \/>\n<meta property=\"og:site_name\" content=\"Luccaranna\" \/>\n<meta property=\"article:modified_time\" content=\"2025-10-07T06:30:50+00:00\" \/>\n<meta name=\"twitter:card\" content=\"summary_large_image\" \/>\n<script type=\"application\/ld+json\" class=\"yoast-schema-graph\">{\"@context\":\"https:\/\/schema.org\",\"@graph\":[{\"@type\":\"WebPage\",\"@id\":\"https:\/\/invego.ee\/luccaranna\/arhitektuur\/\",\"url\":\"https:\/\/invego.ee\/luccaranna\/arhitektuur\/\",\"name\":\"Arhitektuur - Luccaranna\",\"isPartOf\":{\"@id\":\"https:\/\/invego.ee\/luccaranna\/#website\"},\"datePublished\":\"2021-02-16T09:19:47+00:00\",\"dateModified\":\"2025-10-07T06:30:50+00:00\",\"breadcrumb\":{\"@id\":\"https:\/\/invego.ee\/luccaranna\/arhitektuur\/#breadcrumb\"},\"inLanguage\":\"et\",\"potentialAction\":[{\"@type\":\"ReadAction\",\"target\":[\"https:\/\/invego.ee\/luccaranna\/arhitektuur\/\"]}]},{\"@type\":\"BreadcrumbList\",\"@id\":\"https:\/\/invego.ee\/luccaranna\/arhitektuur\/#breadcrumb\",\"itemListElement\":[{\"@type\":\"ListItem\",\"position\":1,\"name\":\"Home\",\"item\":\"https:\/\/invego.ee\/luccaranna\/\"},{\"@type\":\"ListItem\",\"position\":2,\"name\":\"Arhitektuur\"}]},{\"@type\":\"WebSite\",\"@id\":\"https:\/\/invego.ee\/luccaranna\/#website\",\"url\":\"https:\/\/invego.ee\/luccaranna\/\",\"name\":\"Luccaranna\",\"description\":\"\",\"publisher\":{\"@id\":\"https:\/\/invego.ee\/luccaranna\/#organization\"},\"potentialAction\":[{\"@type\":\"SearchAction\",\"target\":{\"@type\":\"EntryPoint\",\"urlTemplate\":\"https:\/\/invego.ee\/luccaranna\/?s={search_term_string}\"},\"query-input\":{\"@type\":\"PropertyValueSpecification\",\"valueRequired\":true,\"valueName\":\"search_term_string\"}}],\"inLanguage\":\"et\"},{\"@type\":\"Organization\",\"@id\":\"https:\/\/invego.ee\/luccaranna\/#organization\",\"name\":\"Luccaranna\",\"url\":\"https:\/\/invego.ee\/luccaranna\/\",\"logo\":{\"@type\":\"ImageObject\",\"inLanguage\":\"et\",\"@id\":\"https:\/\/invego.ee\/luccaranna\/#\/schema\/logo\/image\/\",\"url\":\"https:\/\/invego.ee\/luccaranna\/wp-content\/uploads\/2021\/02\/Luccaranna_logo.svg\",\"contentUrl\":\"https:\/\/invego.ee\/luccaranna\/wp-content\/uploads\/2021\/02\/Luccaranna_logo.svg\",\"width\":237,\"height\":128,\"caption\":\"Luccaranna\"},\"image\":{\"@id\":\"https:\/\/invego.ee\/luccaranna\/#\/schema\/logo\/image\/\"}}]}<\/script>\n<!-- \/ Yoast SEO plugin. -->","yoast_head_json":{"title":"Arhitektuur - Luccaranna","robots":{"index":"index","follow":"follow","max-snippet":"max-snippet:-1","max-image-preview":"max-image-preview:large","max-video-preview":"max-video-preview:-1"},"canonical":"https:\/\/invego.ee\/luccaranna\/arhitektuur\/","og_locale":"et_EE","og_type":"article","og_title":"Arhitektuur - Luccaranna","og_url":"https:\/\/invego.ee\/luccaranna\/arhitektuur\/","og_site_name":"Luccaranna","article_modified_time":"2025-10-07T06:30:50+00:00","twitter_card":"summary_large_image","schema":{"@context":"https:\/\/schema.org","@graph":[{"@type":"WebPage","@id":"https:\/\/invego.ee\/luccaranna\/arhitektuur\/","url":"https:\/\/invego.ee\/luccaranna\/arhitektuur\/","name":"Arhitektuur - Luccaranna","isPartOf":{"@id":"https:\/\/invego.ee\/luccaranna\/#website"},"datePublished":"2021-02-16T09:19:47+00:00","dateModified":"2025-10-07T06:30:50+00:00","breadcrumb":{"@id":"https:\/\/invego.ee\/luccaranna\/arhitektuur\/#breadcrumb"},"inLanguage":"et","potentialAction":[{"@type":"ReadAction","target":["https:\/\/invego.ee\/luccaranna\/arhitektuur\/"]}]},{"@type":"BreadcrumbList","@id":"https:\/\/invego.ee\/luccaranna\/arhitektuur\/#breadcrumb","itemListElement":[{"@type":"ListItem","position":1,"name":"Home","item":"https:\/\/invego.ee\/luccaranna\/"},{"@type":"ListItem","position":2,"name":"Arhitektuur"}]},{"@type":"WebSite","@id":"https:\/\/invego.ee\/luccaranna\/#website","url":"https:\/\/invego.ee\/luccaranna\/","name":"Luccaranna","description":"","publisher":{"@id":"https:\/\/invego.ee\/luccaranna\/#organization"},"potentialAction":[{"@type":"SearchAction","target":{"@type":"EntryPoint","urlTemplate":"https:\/\/invego.ee\/luccaranna\/?s={search_term_string}"},"query-input":{"@type":"PropertyValueSpecification","valueRequired":true,"valueName":"search_term_string"}}],"inLanguage":"et"},{"@type":"Organization","@id":"https:\/\/invego.ee\/luccaranna\/#organization","name":"Luccaranna","url":"https:\/\/invego.ee\/luccaranna\/","logo":{"@type":"ImageObject","inLanguage":"et","@id":"https:\/\/invego.ee\/luccaranna\/#\/schema\/logo\/image\/","url":"https:\/\/invego.ee\/luccaranna\/wp-content\/uploads\/2021\/02\/Luccaranna_logo.svg","contentUrl":"https:\/\/invego.ee\/luccaranna\/wp-content\/uploads\/2021\/02\/Luccaranna_logo.svg","width":237,"height":128,"caption":"Luccaranna"},"image":{"@id":"https:\/\/invego.ee\/luccaranna\/#\/schema\/logo\/image\/"}}]}},"uagb_featured_image_src":{"full":false,"thumbnail":false,"medium":false,"medium_large":false,"large":false,"1536x1536":false,"2048x2048":false,"small":false,"gallery-smaller":false,"gallery-size":false,"custom-size":false},"uagb_author_info":{"display_name":"Reaktiiv","author_link":"https:\/\/invego.ee\/luccaranna\/author\/reaktiiv\/"},"uagb_comment_info":0,"uagb_excerpt":null,"_links":{"self":[{"href":"https:\/\/invego.ee\/luccaranna\/wp-json\/wp\/v2\/pages\/62","targetHints":{"allow":["GET"]}}],"collection":[{"href":"https:\/\/invego.ee\/luccaranna\/wp-json\/wp\/v2\/pages"}],"about":[{"href":"https:\/\/invego.ee\/luccaranna\/wp-json\/wp\/v2\/types\/page"}],"author":[{"embeddable":true,"href":"https:\/\/invego.ee\/luccaranna\/wp-json\/wp\/v2\/users\/1"}],"replies":[{"embeddable":true,"href":"https:\/\/invego.ee\/luccaranna\/wp-json\/wp\/v2\/comments?post=62"}],"version-history":[{"count":159,"href":"https:\/\/invego.ee\/luccaranna\/wp-json\/wp\/v2\/pages\/62\/revisions"}],"predecessor-version":[{"id":8247,"href":"https:\/\/invego.ee\/luccaranna\/wp-json\/wp\/v2\/pages\/62\/revisions\/8247"}],"wp:attachment":[{"href":"https:\/\/invego.ee\/luccaranna\/wp-json\/wp\/v2\/media?parent=62"}],"curies":[{"name":"wp","href":"https:\/\/api.w.org\/{rel}","templated":true}]}}