{"id":54,"date":"2020-05-25T10:48:40","date_gmt":"2020-05-25T10:48:40","guid":{"rendered":"https:\/\/invego.ee\/krullipark\/?page_id=54"},"modified":"2024-11-26T12:48:15","modified_gmt":"2024-11-26T12:48:15","slug":"kontakt","status":"publish","type":"page","link":"https:\/\/invego.ee\/krullipark\/kontakt\/","title":{"rendered":"Kontakt"},"content":{"rendered":"\n<div id=\"contact-block_7bccfe5a6ba5e4dfda1d951610c63e8d\" class=\"contact-block\">\n    <div class=\"row\">\n        <div class=\"contacts col col-xl-6 col-12\">\n            <div class=\"contacts d-flex flex-column\">\n                                                        <div class=\"contact d-flex flex-column\">\n                                                    <div class=\"contact_img position-relative\">\n                                <img loading=\"lazy\" decoding=\"async\" class=\"w100 h100\" src=\"https:\/\/invego.ee\/krullipark\/wp-content\/uploads\/2024\/11\/volta1.png\" width=\"848\" height=\"638\" alt=\"\" \/>\n                            <\/div>\n                                                                            <div class=\"contact_info\">\n\t\t\t\t                <h3>K\u00fcsi vabade pindade kohta<\/h3>\n                                <h4>Markus K\u00fclaviir<\/h4>\n<p>5850 1284<br \/>\n<a href=\"mailto:markus@invego.ee\">markus@invego.ee<\/a><\/p>\n                            <\/div>\n                                            <\/div>\n                            <\/div>\n        <\/div>\n                    <div class=\"contact_form_cont col-xl-6 col-12\">\n                                    <div class=\"contact_block_text_area\">\n                        <h2>Kui otsite oma ettev\u00f5tte jaoks uusi ruume, v\u00f5tke julgelt \u00fchendust, et saaksime v\u00e4lja t\u00f6\u00f6tada lahenduse, mis vastaks just teie ettev\u00f5tte vajadustele.<\/h2>\n                    <\/div>\n                                                    <div class=\"contact_form\">\n                        \n<div class=\"wpcf7 no-js\" id=\"wpcf7-f53-o1\" lang=\"et\" dir=\"ltr\" data-wpcf7-id=\"53\">\n<div class=\"screen-reader-response\"><p role=\"status\" aria-live=\"polite\" aria-atomic=\"true\"><\/p> <ul><\/ul><\/div>\n<form action=\"\/krullipark\/wp-json\/wp\/v2\/pages\/54#wpcf7-f53-o1\" method=\"post\" class=\"wpcf7-form init\" aria-label=\"Contact form\" novalidate=\"novalidate\" data-status=\"init\">\n<fieldset class=\"hidden-fields-container\"><input type=\"hidden\" name=\"_wpcf7\" value=\"53\" \/><input type=\"hidden\" name=\"_wpcf7_version\" value=\"6.1.2\" \/><input type=\"hidden\" name=\"_wpcf7_locale\" value=\"et\" \/><input type=\"hidden\" name=\"_wpcf7_unit_tag\" value=\"wpcf7-f53-o1\" \/><input type=\"hidden\" name=\"_wpcf7_container_post\" value=\"0\" \/><input type=\"hidden\" name=\"_wpcf7_posted_data_hash\" value=\"\" \/><input type=\"hidden\" name=\"_wpcf7_recaptcha_response\" value=\"\" \/>\n<\/fieldset>\n<span class=\"wpcf7-form-control-wrap\" data-name=\"client-name\"><input size=\"40\" maxlength=\"400\" class=\"wpcf7-form-control wpcf7-text wpcf7-validates-as-required\" aria-required=\"true\" aria-invalid=\"false\" placeholder=\"NIMI*\" value=\"\" type=\"text\" name=\"client-name\" \/><\/span><span class=\"wpcf7-form-control-wrap\" data-name=\"client-email\"><input size=\"40\" maxlength=\"400\" class=\"wpcf7-form-control wpcf7-email wpcf7-validates-as-required wpcf7-text wpcf7-validates-as-email\" aria-required=\"true\" aria-invalid=\"false\" placeholder=\"E-POST*\" value=\"\" type=\"email\" name=\"client-email\" \/><\/span><span class=\"wpcf7-form-control-wrap\" data-name=\"client-phone\"><input size=\"40\" maxlength=\"400\" class=\"wpcf7-form-control wpcf7-text\" aria-invalid=\"false\" placeholder=\"TELEFON\" value=\"\" type=\"text\" name=\"client-phone\" \/><\/span><span class=\"wpcf7-form-control-wrap\" data-name=\"your-message\"><textarea cols=\"40\" rows=\"10\" maxlength=\"2000\" class=\"wpcf7-form-control wpcf7-textarea\" aria-invalid=\"false\" placeholder=\"S\u00d5NUM\" name=\"your-message\"><\/textarea><\/span>\n<div class=\"d-flex flex-lg-row flex-column justify-content-lg-between align-items-lg-center\"><span class=\"wpcf7-form-control-wrap\" data-name=\"acceptance-507\"><span class=\"wpcf7-form-control wpcf7-acceptance\"><span class=\"wpcf7-list-item\"><label><input type=\"checkbox\" name=\"acceptance-507\" value=\"1\" aria-invalid=\"false\" \/><span class=\"wpcf7-list-item-label\">N\u00f5ustun andmete t\u00f6\u00f6tlemise tingimustega<\/span><\/label><\/span><\/span><\/span><input class=\"wpcf7-form-control wpcf7-submit has-spinner\" type=\"submit\" value=\"Saada\" \/><\/div>\n<div class=\"required_txt\">* Kohustuslikud v\u00e4ljad<\/div><div class=\"wpcf7-response-output\" aria-hidden=\"true\"><\/div>\n<\/form>\n<\/div>\n                    <\/div>\n                            <\/div>\n            <\/div>\n<\/div>","protected":false},"excerpt":{"rendered":"","protected":false},"author":1,"featured_media":0,"parent":0,"menu_order":0,"comment_status":"closed","ping_status":"closed","template":"page-templates\/template-empty-footer.php","meta":{"_acf_changed":false,"_uag_custom_page_level_css":"","advgb_blocks_editor_width":"","advgb_blocks_columns_visual_guide":"","footnotes":""},"class_list":["post-54","page","type-page","status-publish","hentry"],"acf":[],"yoast_head":"<!-- This site is optimized with the Yoast SEO plugin v26.1 - https:\/\/yoast.com\/wordpress\/plugins\/seo\/ -->\n<title>Kontakt - Krullipark<\/title>\n<meta name=\"robots\" content=\"index, follow, max-snippet:-1, max-image-preview:large, max-video-preview:-1\" \/>\n<link rel=\"canonical\" href=\"https:\/\/invego.ee\/krullipark\/kontakt\/\" \/>\n<meta property=\"og:locale\" content=\"et_EE\" \/>\n<meta property=\"og:type\" content=\"article\" \/>\n<meta property=\"og:title\" content=\"Kontakt - Krullipark\" \/>\n<meta property=\"og:url\" content=\"https:\/\/invego.ee\/krullipark\/kontakt\/\" \/>\n<meta property=\"og:site_name\" content=\"Krullipark\" \/>\n<meta property=\"article:modified_time\" content=\"2024-11-26T12:48:15+00:00\" \/>\n<meta property=\"og:image\" content=\"https:\/\/invego.ee\/krullipark\/wp-content\/uploads\/2025\/10\/Share-picture-3.png\" \/>\n\t<meta property=\"og:image:width\" content=\"1200\" \/>\n\t<meta property=\"og:image:height\" content=\"675\" \/>\n\t<meta property=\"og:image:type\" content=\"image\/png\" \/>\n<meta name=\"twitter:card\" content=\"summary_large_image\" \/>\n<script type=\"application\/ld+json\" class=\"yoast-schema-graph\">{\"@context\":\"https:\/\/schema.org\",\"@graph\":[{\"@type\":\"WebPage\",\"@id\":\"https:\/\/invego.ee\/krullipark\/kontakt\/\",\"url\":\"https:\/\/invego.ee\/krullipark\/kontakt\/\",\"name\":\"Kontakt - Krullipark\",\"isPartOf\":{\"@id\":\"https:\/\/invego.ee\/krullipark\/#website\"},\"datePublished\":\"2020-05-25T10:48:40+00:00\",\"dateModified\":\"2024-11-26T12:48:15+00:00\",\"breadcrumb\":{\"@id\":\"https:\/\/invego.ee\/krullipark\/kontakt\/#breadcrumb\"},\"inLanguage\":\"et\",\"potentialAction\":[{\"@type\":\"ReadAction\",\"target\":[\"https:\/\/invego.ee\/krullipark\/kontakt\/\"]}]},{\"@type\":\"BreadcrumbList\",\"@id\":\"https:\/\/invego.ee\/krullipark\/kontakt\/#breadcrumb\",\"itemListElement\":[{\"@type\":\"ListItem\",\"position\":1,\"name\":\"Home\",\"item\":\"https:\/\/invego.ee\/krullipark\/\"},{\"@type\":\"ListItem\",\"position\":2,\"name\":\"Kontakt\"}]},{\"@type\":\"WebSite\",\"@id\":\"https:\/\/invego.ee\/krullipark\/#website\",\"url\":\"https:\/\/invego.ee\/krullipark\/\",\"name\":\"Krulli park\",\"description\":\"Uue karakteriga kontorid ja kaubanduspinnad\",\"publisher\":{\"@id\":\"https:\/\/invego.ee\/krullipark\/#organization\"},\"potentialAction\":[{\"@type\":\"SearchAction\",\"target\":{\"@type\":\"EntryPoint\",\"urlTemplate\":\"https:\/\/invego.ee\/krullipark\/?s={search_term_string}\"},\"query-input\":{\"@type\":\"PropertyValueSpecification\",\"valueRequired\":true,\"valueName\":\"search_term_string\"}}],\"inLanguage\":\"et\"},{\"@type\":\"Organization\",\"@id\":\"https:\/\/invego.ee\/krullipark\/#organization\",\"name\":\"Volta1\",\"url\":\"https:\/\/invego.ee\/krullipark\/\",\"logo\":{\"@type\":\"ImageObject\",\"inLanguage\":\"et\",\"@id\":\"https:\/\/invego.ee\/krullipark\/#\/schema\/logo\/image\/\",\"url\":\"https:\/\/invego.ee\/krullipark\/wp-content\/uploads\/2023\/09\/cropped-favikon.png\",\"contentUrl\":\"https:\/\/invego.ee\/krullipark\/wp-content\/uploads\/2023\/09\/cropped-favikon.png\",\"width\":512,\"height\":512,\"caption\":\"Volta1\"},\"image\":{\"@id\":\"https:\/\/invego.ee\/krullipark\/#\/schema\/logo\/image\/\"}}]}<\/script>\n<!-- \/ Yoast SEO plugin. -->","yoast_head_json":{"title":"Kontakt - Krullipark","robots":{"index":"index","follow":"follow","max-snippet":"max-snippet:-1","max-image-preview":"max-image-preview:large","max-video-preview":"max-video-preview:-1"},"canonical":"https:\/\/invego.ee\/krullipark\/kontakt\/","og_locale":"et_EE","og_type":"article","og_title":"Kontakt - Krullipark","og_url":"https:\/\/invego.ee\/krullipark\/kontakt\/","og_site_name":"Krullipark","article_modified_time":"2024-11-26T12:48:15+00:00","og_image":[{"width":1200,"height":675,"url":"https:\/\/invego.ee\/krullipark\/wp-content\/uploads\/2025\/10\/Share-picture-3.png","type":"image\/png"}],"twitter_card":"summary_large_image","schema":{"@context":"https:\/\/schema.org","@graph":[{"@type":"WebPage","@id":"https:\/\/invego.ee\/krullipark\/kontakt\/","url":"https:\/\/invego.ee\/krullipark\/kontakt\/","name":"Kontakt - Krullipark","isPartOf":{"@id":"https:\/\/invego.ee\/krullipark\/#website"},"datePublished":"2020-05-25T10:48:40+00:00","dateModified":"2024-11-26T12:48:15+00:00","breadcrumb":{"@id":"https:\/\/invego.ee\/krullipark\/kontakt\/#breadcrumb"},"inLanguage":"et","potentialAction":[{"@type":"ReadAction","target":["https:\/\/invego.ee\/krullipark\/kontakt\/"]}]},{"@type":"BreadcrumbList","@id":"https:\/\/invego.ee\/krullipark\/kontakt\/#breadcrumb","itemListElement":[{"@type":"ListItem","position":1,"name":"Home","item":"https:\/\/invego.ee\/krullipark\/"},{"@type":"ListItem","position":2,"name":"Kontakt"}]},{"@type":"WebSite","@id":"https:\/\/invego.ee\/krullipark\/#website","url":"https:\/\/invego.ee\/krullipark\/","name":"Krulli park","description":"Uue karakteriga kontorid ja kaubanduspinnad","publisher":{"@id":"https:\/\/invego.ee\/krullipark\/#organization"},"potentialAction":[{"@type":"SearchAction","target":{"@type":"EntryPoint","urlTemplate":"https:\/\/invego.ee\/krullipark\/?s={search_term_string}"},"query-input":{"@type":"PropertyValueSpecification","valueRequired":true,"valueName":"search_term_string"}}],"inLanguage":"et"},{"@type":"Organization","@id":"https:\/\/invego.ee\/krullipark\/#organization","name":"Volta1","url":"https:\/\/invego.ee\/krullipark\/","logo":{"@type":"ImageObject","inLanguage":"et","@id":"https:\/\/invego.ee\/krullipark\/#\/schema\/logo\/image\/","url":"https:\/\/invego.ee\/krullipark\/wp-content\/uploads\/2023\/09\/cropped-favikon.png","contentUrl":"https:\/\/invego.ee\/krullipark\/wp-content\/uploads\/2023\/09\/cropped-favikon.png","width":512,"height":512,"caption":"Volta1"},"image":{"@id":"https:\/\/invego.ee\/krullipark\/#\/schema\/logo\/image\/"}}]}},"uagb_featured_image_src":{"full":false,"thumbnail":false,"medium":false,"medium_large":false,"large":false,"1536x1536":false,"2048x2048":false,"small":false,"full-hd":false},"uagb_author_info":{"display_name":"reaktiiv-vo","author_link":"https:\/\/invego.ee\/krullipark\/author\/reaktiiv-vo\/"},"uagb_comment_info":0,"uagb_excerpt":null,"coauthors":[],"author_meta":{"author_link":"https:\/\/invego.ee\/krullipark\/author\/reaktiiv-vo\/","display_name":"reaktiiv-vo"},"relative_dates":{"created":"Posted 6 aastat ago","modified":"Updated 1 aasta ago"},"absolute_dates":{"created":"Posted on mai 25, 2020","modified":"Updated on november 26, 2024"},"absolute_dates_time":{"created":"Posted on mai 25, 2020 10:48 e.l.","modified":"Updated on november 26, 2024 12:48 p.l."},"featured_img_caption":"","featured_img":false,"series_order":"","_links":{"self":[{"href":"https:\/\/invego.ee\/krullipark\/wp-json\/wp\/v2\/pages\/54","targetHints":{"allow":["GET"]}}],"collection":[{"href":"https:\/\/invego.ee\/krullipark\/wp-json\/wp\/v2\/pages"}],"about":[{"href":"https:\/\/invego.ee\/krullipark\/wp-json\/wp\/v2\/types\/page"}],"author":[{"embeddable":true,"href":"https:\/\/invego.ee\/krullipark\/wp-json\/wp\/v2\/users\/1"}],"replies":[{"embeddable":true,"href":"https:\/\/invego.ee\/krullipark\/wp-json\/wp\/v2\/comments?post=54"}],"version-history":[{"count":25,"href":"https:\/\/invego.ee\/krullipark\/wp-json\/wp\/v2\/pages\/54\/revisions"}],"predecessor-version":[{"id":898,"href":"https:\/\/invego.ee\/krullipark\/wp-json\/wp\/v2\/pages\/54\/revisions\/898"}],"wp:attachment":[{"href":"https:\/\/invego.ee\/krullipark\/wp-json\/wp\/v2\/media?parent=54"}],"curies":[{"name":"wp","href":"https:\/\/api.w.org\/{rel}","templated":true}]}}