{"id":852,"date":"2024-03-28T12:31:57","date_gmt":"2024-03-28T10:31:57","guid":{"rendered":"https:\/\/invego.ee\/keilapargikodud\/?page_id=852"},"modified":"2025-09-08T15:03:57","modified_gmt":"2025-09-08T12:03:57","slug":"hoonest","status":"publish","type":"page","link":"https:\/\/invego.ee\/keilapargikodud\/hoonest\/","title":{"rendered":"Hoonest"},"content":{"rendered":"\n<h1 class=\"wp-block-heading\">Hoonete tehniline kirjeldus<\/h1>\n\n\n\n<div class=\"wp-block-columns\">\n<div class=\"wp-block-column\">\n<h2 class=\"wp-block-heading\">Fassaad<\/h2>\n\n\n\n<p>V\u00e4lisseinad on soojustatud ja kaetud laudisega ning fassaadi plaadiga vastavalt arhitektuursele lahendusele. Fassaadis on kasutatud hoone ilmestamiseks erinevaid dekoratiivseid elemente.&nbsp;<\/p>\n\n\n\n<h2 class=\"wp-block-heading\">Konstruktsioonid<\/h2>\n\n\n\n<p>Maja seinad laotakse plokkidest. Korterite vahelised seinad samuti plokkidest. K\u00f5ik korterite vahelised siseseinad on suurema helikindluse tagamiseks laotud 240mm paksustest \u00f5\u00f5nesplokkidest, mis silekrohvitakse ja v\u00e4rvitakse. \u0160ahtide seinad on laotud plokkidest mis on korteri poolt silekrohvitud ja v\u00e4rvitud. Korterite siseseinad teostatakse metallkarkassil kipsplaatseintena, mis pahteldatakse ja v\u00e4rvitakse.<br><br>Vahelaed on monteeritavatest \u00f5\u00f5nespaneelidest sammum\u00fcraisolatsiooni ja betoonist tasandusvaluga.<br><br>Katus ja katuseterrassid on soojustatud lamekatused, kaetud rullmaterjaliga.<\/p>\n\n\n\n<h2 class=\"wp-block-heading\">Trepikojad<\/h2>\n\n\n\n<p>Trepikojas on lift. Trepikoja viimase korruse laes asub suitsueemaldusluuk koos juurdep\u00e4\u00e4su redeliga.&nbsp;<br><br>Panipaigad asuvad korrustel.&nbsp;<\/p>\n\n\n\n<h2 class=\"wp-block-heading\">Energiat\u00f5husus<\/h2>\n\n\n\n<p>Hoone energiaklass on A.<\/p>\n\n\n\n<h2 class=\"wp-block-heading\">Aknad<\/h2>\n\n\n\n<p>Majal on pvc-raamides aknad. Aknad on kolmekordse klaaspaketiga. Igas toas on v\u00e4hemalt \u00fcks aken, mis on avatav tuulutusasendisse. R\u00f5dule\/terrassile p\u00e4\u00e4su aknad on p\u00f6\u00f6rdavatavad.&nbsp;<br><br>2.k terrassile p\u00e4\u00e4su akende \u00fclemine tasapind on k\u00f5rvalseina omadest ca 130 mm k\u00f5rgemal.<\/p>\n\n\n\n<h2 class=\"wp-block-heading\">Elektriauto laadimistaristu<\/h2>\n\n\n\n<p>Ostuhind sisaldab elektriauto juhtmetaristu (kaablitoru) paigaldamist, millesse on v\u00f5imalik panna elektrikaabel laadimispunkti paigaldamiseks. Kaablitoru paigaldatakse kahele parkimiskohale \u00fchine. Kaablik\u00f5rid on kogutud kokku liitumiskilbi k\u00f5rvale eraldi paigaldatavas laadimiskilbis. Korteri\u00fchistu poolt valitakse sobiva teenuse pakkuja, kes paigaldab elektrikaablid, keskseadme ja laadijad koos vajaliku taristuga. \u00a0<\/p>\n<\/div>\n\n\n\n<div class=\"wp-block-column\">\n<h2 class=\"wp-block-heading\">Terrassid ja r\u00f5dud<\/h2>\n\n\n\n<p>Esimese korruse korteritel on maapinnale toetuvad piireteta terrassid. Teise korruse korteritel on esimese korruse katuslaele toetuvad terrassid. K\u00f5ikidel korteritel on r\u00f5du. \u00dclemiste korruste r\u00f5du ja terrassi piirdeks on arhitektuuri sobituv piire.<br><br>R\u00f5dudele on etten\u00e4htud h\u00e4dav\u00e4ljap\u00e4\u00e4suks luukredelid.&nbsp;<\/p>\n\n\n\n<h2 class=\"wp-block-heading\">K\u00fcte ja ventilatsioon<\/h2>\n\n\n\n<p>Kortermajade soojusallikaks on kaugk\u00fcttev\u00f5rk, mis tagab hoonele k\u00fctte ja sooja vee. Soojakandjaks korterites on vesip\u00f5randak\u00fcte.<br><br>K\u00f5ikides korterites on korterip\u00f5hine soojustagastusega sundventilatsioon, k\u00f6\u00f6gi kubu v\u00e4ljat\u00f5mme on l\u00e4bi agregaadi.<\/p>\n\n\n\n<h2 class=\"wp-block-heading\">Elektripaigaldis ja valgustus<\/h2>\n\n\n\n<p>Teostatakse hoone sisene elektrikaabeldus, paigaldatakse l\u00fclitid ja pistikud vastavalt korteri planeeringule.<br><br>Teostatakse CAT6 andmesidekaabeldus arvestusega, et korteri ostja liitub teenuse pakkujaga.&nbsp;Korteritesse rajatakse keskne fonos\u00fcsteem trepikoja v\u00e4lisukse avamiseks.<br><br>Valgustite kohtadele tuuakse valgustuse paigaldamiseks toiteotsad.&nbsp;<\/p>\n\n\n\n<h2 class=\"wp-block-heading\">Viimistlus<\/h2>\n\n\n\n<p>Eluruumide seinad ja laed v\u00e4rvitakse, vannitubade seinad kaetakse keraamiliste plaatidega ja\/v\u00f5i v\u00e4rvitakse vastavalt arhitektuursele projektile. Eluruumide ja majapidamisruumide p\u00f5randate viimistluseks kasutatakse spoonparketti. Tualettruumides, vannitubades ja esikutes kaetakse p\u00f5randad keraamiliste plaatidega.&nbsp;Vannitubades kallet trapi suunas ei ole antud, kalle on antud du\u0161inurgas.<\/p>\n<\/div>\n<\/div>\n\n\n\n<p>*Arendaja j\u00e4tab endale \u00f5iguse asendada siinkohal kirjeldatud materjale ja seadmeid samav\u00e4\u00e4rse v\u00f5i paremaga.<\/p>\n","protected":false},"excerpt":{"rendered":"Hoonete tehniline kirjeldus Fassaad V\u00e4lisseinad on soojustatud ja kaetud laudisega ning fassaadi plaadiga vastavalt arhitektuursele lahendusele. Fassaadis on kasutatud hoone ilmestamiseks erinevaid dekoratiivseid elemente.&nbsp; Konstruktsioonid Maja seinad laotakse plokkidest. Korterite vahelised seinad samuti plokkidest. K\u00f5ik korterite vahelised siseseinad on suurema helikindluse tagamiseks laotud 240mm paksustest \u00f5\u00f5nesplokkidest, mis silekrohvitakse ja v\u00e4rvitakse. \u0160ahtide seinad on laotud plokkidest [&hellip;]","protected":false},"author":1,"featured_media":0,"parent":0,"menu_order":0,"comment_status":"closed","ping_status":"closed","template":"page-templates\/hoonest.php","meta":{"_acf_changed":false,"footnotes":""},"class_list":["post-852","page","type-page","status-publish","hentry"],"acf":[],"yoast_head":"<!-- This site is optimized with the Yoast SEO plugin v24.9 - https:\/\/yoast.com\/wordpress\/plugins\/seo\/ -->\n<title>Hoonest - Keila Pargikodud<\/title>\n<meta name=\"robots\" content=\"index, follow, max-snippet:-1, max-image-preview:large, max-video-preview:-1\" \/>\n<link rel=\"canonical\" href=\"https:\/\/invego.ee\/keilapargikodud\/hoonest\/\" \/>\n<meta property=\"og:locale\" content=\"et_EE\" \/>\n<meta property=\"og:type\" content=\"article\" \/>\n<meta property=\"og:title\" content=\"Hoonest - Keila Pargikodud\" \/>\n<meta property=\"og:description\" content=\"Hoonete tehniline kirjeldus Fassaad V\u00e4lisseinad on soojustatud ja kaetud laudisega ning fassaadi plaadiga vastavalt arhitektuursele lahendusele. Fassaadis on kasutatud hoone ilmestamiseks erinevaid dekoratiivseid elemente.&nbsp; Konstruktsioonid Maja seinad laotakse plokkidest. Korterite vahelised seinad samuti plokkidest. K\u00f5ik korterite vahelised siseseinad on suurema helikindluse tagamiseks laotud 240mm paksustest \u00f5\u00f5nesplokkidest, mis silekrohvitakse ja v\u00e4rvitakse. \u0160ahtide seinad on laotud plokkidest [&hellip;]\" \/>\n<meta property=\"og:url\" content=\"https:\/\/invego.ee\/keilapargikodud\/hoonest\/\" \/>\n<meta property=\"og:site_name\" content=\"Keila Pargikodud\" \/>\n<meta property=\"article:modified_time\" content=\"2025-09-08T12:03:57+00:00\" \/>\n<meta property=\"og:image\" content=\"https:\/\/invego.ee\/keilapargikodud\/wp-content\/uploads\/2024\/03\/keilapargikodud-og.jpg\" \/>\n\t<meta property=\"og:image:width\" content=\"1200\" \/>\n\t<meta property=\"og:image:height\" content=\"630\" \/>\n\t<meta property=\"og:image:type\" content=\"image\/jpeg\" \/>\n<meta name=\"twitter:card\" content=\"summary_large_image\" \/>\n<meta name=\"twitter:label1\" content=\"Est. reading time\" \/>\n\t<meta name=\"twitter:data1\" content=\"2 minutit\" \/>\n<script type=\"application\/ld+json\" class=\"yoast-schema-graph\">{\"@context\":\"https:\/\/schema.org\",\"@graph\":[{\"@type\":\"WebPage\",\"@id\":\"https:\/\/invego.ee\/keilapargikodud\/hoonest\/\",\"url\":\"https:\/\/invego.ee\/keilapargikodud\/hoonest\/\",\"name\":\"Hoonest - Keila Pargikodud\",\"isPartOf\":{\"@id\":\"https:\/\/invego.ee\/keilapargikodud\/#website\"},\"datePublished\":\"2024-03-28T10:31:57+00:00\",\"dateModified\":\"2025-09-08T12:03:57+00:00\",\"breadcrumb\":{\"@id\":\"https:\/\/invego.ee\/keilapargikodud\/hoonest\/#breadcrumb\"},\"inLanguage\":\"et\",\"potentialAction\":[{\"@type\":\"ReadAction\",\"target\":[\"https:\/\/invego.ee\/keilapargikodud\/hoonest\/\"]}]},{\"@type\":\"BreadcrumbList\",\"@id\":\"https:\/\/invego.ee\/keilapargikodud\/hoonest\/#breadcrumb\",\"itemListElement\":[{\"@type\":\"ListItem\",\"position\":1,\"name\":\"Home\",\"item\":\"https:\/\/invego.ee\/keilapargikodud\/\"},{\"@type\":\"ListItem\",\"position\":2,\"name\":\"Hoonest\"}]},{\"@type\":\"WebSite\",\"@id\":\"https:\/\/invego.ee\/keilapargikodud\/#website\",\"url\":\"https:\/\/invego.ee\/keilapargikodud\/\",\"name\":\"Keila Pargikodud\",\"description\":\"Kodu Keila s\u00fcdames\",\"publisher\":{\"@id\":\"https:\/\/invego.ee\/keilapargikodud\/#organization\"},\"potentialAction\":[{\"@type\":\"SearchAction\",\"target\":{\"@type\":\"EntryPoint\",\"urlTemplate\":\"https:\/\/invego.ee\/keilapargikodud\/?s={search_term_string}\"},\"query-input\":{\"@type\":\"PropertyValueSpecification\",\"valueRequired\":true,\"valueName\":\"search_term_string\"}}],\"inLanguage\":\"et\"},{\"@type\":\"Organization\",\"@id\":\"https:\/\/invego.ee\/keilapargikodud\/#organization\",\"name\":\"Keila Pargikodud\",\"url\":\"https:\/\/invego.ee\/keilapargikodud\/\",\"logo\":{\"@type\":\"ImageObject\",\"inLanguage\":\"et\",\"@id\":\"https:\/\/invego.ee\/keilapargikodud\/#\/schema\/logo\/image\/\",\"url\":\"https:\/\/invego.ee\/keilapargikodud\/wp-content\/uploads\/2024\/03\/keila-pargikodud-logo.svg\",\"contentUrl\":\"https:\/\/invego.ee\/keilapargikodud\/wp-content\/uploads\/2024\/03\/keila-pargikodud-logo.svg\",\"width\":159,\"height\":118,\"caption\":\"Keila Pargikodud\"},\"image\":{\"@id\":\"https:\/\/invego.ee\/keilapargikodud\/#\/schema\/logo\/image\/\"}}]}<\/script>\n<!-- \/ Yoast SEO plugin. -->","yoast_head_json":{"title":"Hoonest - Keila Pargikodud","robots":{"index":"index","follow":"follow","max-snippet":"max-snippet:-1","max-image-preview":"max-image-preview:large","max-video-preview":"max-video-preview:-1"},"canonical":"https:\/\/invego.ee\/keilapargikodud\/hoonest\/","og_locale":"et_EE","og_type":"article","og_title":"Hoonest - Keila Pargikodud","og_description":"Hoonete tehniline kirjeldus Fassaad V\u00e4lisseinad on soojustatud ja kaetud laudisega ning fassaadi plaadiga vastavalt arhitektuursele lahendusele. Fassaadis on kasutatud hoone ilmestamiseks erinevaid dekoratiivseid elemente.&nbsp; Konstruktsioonid Maja seinad laotakse plokkidest. Korterite vahelised seinad samuti plokkidest. K\u00f5ik korterite vahelised siseseinad on suurema helikindluse tagamiseks laotud 240mm paksustest \u00f5\u00f5nesplokkidest, mis silekrohvitakse ja v\u00e4rvitakse. \u0160ahtide seinad on laotud plokkidest [&hellip;]","og_url":"https:\/\/invego.ee\/keilapargikodud\/hoonest\/","og_site_name":"Keila Pargikodud","article_modified_time":"2025-09-08T12:03:57+00:00","og_image":[{"width":1200,"height":630,"url":"https:\/\/invego.ee\/keilapargikodud\/wp-content\/uploads\/2024\/03\/keilapargikodud-og.jpg","type":"image\/jpeg"}],"twitter_card":"summary_large_image","twitter_misc":{"Est. reading time":"2 minutit"},"schema":{"@context":"https:\/\/schema.org","@graph":[{"@type":"WebPage","@id":"https:\/\/invego.ee\/keilapargikodud\/hoonest\/","url":"https:\/\/invego.ee\/keilapargikodud\/hoonest\/","name":"Hoonest - Keila Pargikodud","isPartOf":{"@id":"https:\/\/invego.ee\/keilapargikodud\/#website"},"datePublished":"2024-03-28T10:31:57+00:00","dateModified":"2025-09-08T12:03:57+00:00","breadcrumb":{"@id":"https:\/\/invego.ee\/keilapargikodud\/hoonest\/#breadcrumb"},"inLanguage":"et","potentialAction":[{"@type":"ReadAction","target":["https:\/\/invego.ee\/keilapargikodud\/hoonest\/"]}]},{"@type":"BreadcrumbList","@id":"https:\/\/invego.ee\/keilapargikodud\/hoonest\/#breadcrumb","itemListElement":[{"@type":"ListItem","position":1,"name":"Home","item":"https:\/\/invego.ee\/keilapargikodud\/"},{"@type":"ListItem","position":2,"name":"Hoonest"}]},{"@type":"WebSite","@id":"https:\/\/invego.ee\/keilapargikodud\/#website","url":"https:\/\/invego.ee\/keilapargikodud\/","name":"Keila Pargikodud","description":"Kodu Keila s\u00fcdames","publisher":{"@id":"https:\/\/invego.ee\/keilapargikodud\/#organization"},"potentialAction":[{"@type":"SearchAction","target":{"@type":"EntryPoint","urlTemplate":"https:\/\/invego.ee\/keilapargikodud\/?s={search_term_string}"},"query-input":{"@type":"PropertyValueSpecification","valueRequired":true,"valueName":"search_term_string"}}],"inLanguage":"et"},{"@type":"Organization","@id":"https:\/\/invego.ee\/keilapargikodud\/#organization","name":"Keila Pargikodud","url":"https:\/\/invego.ee\/keilapargikodud\/","logo":{"@type":"ImageObject","inLanguage":"et","@id":"https:\/\/invego.ee\/keilapargikodud\/#\/schema\/logo\/image\/","url":"https:\/\/invego.ee\/keilapargikodud\/wp-content\/uploads\/2024\/03\/keila-pargikodud-logo.svg","contentUrl":"https:\/\/invego.ee\/keilapargikodud\/wp-content\/uploads\/2024\/03\/keila-pargikodud-logo.svg","width":159,"height":118,"caption":"Keila Pargikodud"},"image":{"@id":"https:\/\/invego.ee\/keilapargikodud\/#\/schema\/logo\/image\/"}}]}},"_links":{"self":[{"href":"https:\/\/invego.ee\/keilapargikodud\/wp-json\/wp\/v2\/pages\/852","targetHints":{"allow":["GET"]}}],"collection":[{"href":"https:\/\/invego.ee\/keilapargikodud\/wp-json\/wp\/v2\/pages"}],"about":[{"href":"https:\/\/invego.ee\/keilapargikodud\/wp-json\/wp\/v2\/types\/page"}],"author":[{"embeddable":true,"href":"https:\/\/invego.ee\/keilapargikodud\/wp-json\/wp\/v2\/users\/1"}],"replies":[{"embeddable":true,"href":"https:\/\/invego.ee\/keilapargikodud\/wp-json\/wp\/v2\/comments?post=852"}],"version-history":[{"count":10,"href":"https:\/\/invego.ee\/keilapargikodud\/wp-json\/wp\/v2\/pages\/852\/revisions"}],"predecessor-version":[{"id":1909,"href":"https:\/\/invego.ee\/keilapargikodud\/wp-json\/wp\/v2\/pages\/852\/revisions\/1909"}],"wp:attachment":[{"href":"https:\/\/invego.ee\/keilapargikodud\/wp-json\/wp\/v2\/media?parent=852"}],"curies":[{"name":"wp","href":"https:\/\/api.w.org\/{rel}","templated":true}]}}